digit of 371169040?
6
What is the tens digit of 192084635?
3
What is the hundreds digit of 1148608856?
8
What is the hundred thousands digit of 7166555?
1
What is the ten millions digit of 53907971?
5
What is the millions digit of 186654630?
6
What is the ten thousands digit of 557673096?
7
What is the hundreds digit of 1394010672?
6
What is the hundred millions digit of 492280721?
4
What is the billions digit of 2481671854?
2
What is the tens digit of 1223962731?
3
What is the hundred millions digit of 902531834?
9
What is the millions digit of 566839182?
6
What is the units digit of 34403403?
3
What is the tens digit of 3933995803?
0
What is the ten thousands digit of 135304525?
0
What is the ten thousands digit of 2962597898?
9
What is the thousands digit of 142684278?
4
What is the millions digit of 1252347450?
2
What is the units digit of 4230673522?
2
What is the ten millions digit of 27924533?
2
What is the millions digit of 28431178?
8
What is the ten millions digit of 861861589?
6
What is the ten thousands digit of 204599718?
9
What is the units digit of 650111?
1
What is the thousands digit of 824952577?
2
What is the hundreds digit of 68235024?
0
What is the hundred thousands digit of 677484270?
4
What is the hundred millions digit of 770060901?
7
What is the units digit of 297602099?
9
What is the millions digit of 1230716?
1
What is the thousands digit of 592805130?
5
What is the ten thousands digit of 90522185?
2
What is the millions digit of 158423694?
8
What is the thousands digit of 4962163160?
3
What is the tens digit of 302980016?
1
What is the thousands digit of 1505262338?
2
What is the tens digit of 37202166?
6
What is the hundreds digit of 953576314?
3
What is the tens digit of 196322127?
2
What is the millions digit of 26335791?
6
What is the hundreds digit of 1713101111?
1
What is the hundred thousands digit of 55339423?
3
What is the hundred thousands digit of 20328235?
3
What is the ten millions digit of 972242862?
7
What is the tens digit of 2029956206?
0
What is the ten millions digit of 436729162?
3
What is the millions digit of 246150601?
6
What is the hundred thousands digit of 74083728?
0
What is the hundred thousands digit of 44887145?
8
What is the ten millions digit of 3963477889?
6
What is the ten millions digit of 1958389406?
5
What is the hundred thousands digit of 5635920414?
9
What is the hundreds digit of 85917947?
9
What is the thousands digit of 17908197?
8
What is the hundred thousands digit of 374756780?
7
What is the hundred millions digit of 156929396?
1
What is the ten thousands digit of 57108389?
0
What is the millions digit of 2602876876?
2
What is the hundred thousands digit of 1732978168?
9
What is the ten thousands digit of 56018426?
1
What is the units digit of 2835116929?
9
What is the hundreds digit of 968546178?
1
What is the thousands digit of 438371328?
1
What is the hundreds digit of 93212077?
0
What is the hundred thousands digit of 96907579?
9
What is the millions digit of 43228501?
3
What is the hundreds digit of 20714607?
6
What is the millions digit of 176682587?
6
What is the thousands digit of 63556851?
6
What is the tens digit of 211534989?
8
What is the hundred thousands digit of 3084590356?
5
What is the millions digit of 252310685?
2
What is the units digit of 990104863?
3
What is the hundred millions digit of 171709836?
1
What is the ten thousands digit of 1997914954?
1
What is the hundred millions digit of 1872036294?
8
What is the ten thousands digit of 48583440?
8
What is the hundred thousands digit of 34927444?
9
What is the billions digit of 1474361481?
1
What is the millions digit of 570900366?
0
What is the hundred thousands digit of 113933347?
9
What is the ten thousands digit of 254514070?
1
What is the hundred thousands digit of 475980718?
9
What is the ten thousands digit of 80807852?
0
What is the tens digit of 214781075?
7
What is the hundreds digit of 4594362?
3
What is the ten thousands digit of 27087632?
8
What is the hundreds digit of 2644403343?
3
What is the thousands digit of 6168725?
8
What is the ten millions digit of 344844884?
4
What is the billions digit of 2617799364?
2
What is the ten millions digit of 2261538634?
6
What is the hundred thousands digit of 1761911412?
9
What is the hundreds digit of 41186321?
3
What is the millions digit of 3640354387?
0
What is the millions digit of 113624717?
3
What is the hundred thousands digit of 10301250?
3
What is the billions digit of 1498928396?
1
What is the hundreds digit of 58747004?
0
What is the hundred millions digit of 1009616989?
0
What is the thousands digit of 162448599?
8
What is the ten millions digit of 34853002?
3
What is the billions digit of 1486315511?
1
What is the units digit of 3842815586?
6
What is the ten thousands digit of 880739351?
3
What is the ten thousands digit of 3448111628?
1
What is the thousands digit of 1406536513?
6
What is the millions digit of 3323607490?
3
What is the hundreds digit of 52288633?
6
What is the units digit of 5902875717?
7
What is the units digit of 69901621?
1
What is the ten thousands digit of 797526326?
2
What is the ten millions digit of 25568218?
2
What is the ten millions digit of 321337066?
2
What is the hundreds digit of 1032016767?
7
What is the units digit of 105742008?
8
What is the thousands digit of 76346631?
6
What is the ten millions digit of 40628939?
4
What is the ten thousands digit of 22171459?
7
What is the tens digit of 800011081?
8
What is the ten thousands digit of 6370827628?
2
What is the ten millions digit of 3449419648?
4
What is the tens digit of 534758534?
3
What is the ten thousands digit of 1531084193?
8
What is the hundred thousands digit of 65387625?
3
What is the units digit of 707572783?
3
What is the tens digit of 31426363?
6
What is the hundred millions digit of 153083771?
1
What is the hundred thousands digit of 5139648?
1
What is the hundred thousands digit of 73662274?
6
What is the tens digit of 1397187589?
8
What is the hundred thousands digit of 413169132?
1
What is the tens digit of 30751236?
3
What is the ten millions digit of 41419607?
4
What is the ten thousands digit of 549438900?
3
What is the tens digit of 2520788480?
8
What is the hundred millions digit of 733168301?
7
What is the ten millions digit of 67544033?
6
What is the millions digit of 215230650?
5
What is the thousands digit of 402759405?
9
What is the hundreds digit of 3313815658?
6
What is the thousands digit of 5178453?
8
What is the millions digit of 2802866694?
2
What is the millions digit of 29971043?
9
What is the billions digit of 2735714023?
2
What is the ten millions digit of 23768100?
2
What is the tens digit of 734390681?
8
What is the tens digit of 44420416?
1
What is the units digit of 12555348?
8
What is the billions digit of 1130547835?
1
What is the hundreds digit of 81572105?
1
What is the billions digit of 1479154712?
1
What is the ten thousands digit of 932093966?
9
What is the ten thousands digit of 197447362?
4
What is the hundred thousands digit of 2881079462?
0
What is the ten millions digit of 73196628?
7
What is the units digit of 183846608?
8
What is the ten thousands digit of 101371240?
7
What is the hundred millions digit of 1326376759?
3
What is the units digit of 2210742?
2
What is the thousands digit of 245244789?
4
What is the tens digit of 4722065?
6
What is the thousands digit of 841634169?
4
What is the hundred thousands digit of 82891818?
8
What is the tens digit of 2816464687?
8
What is the ten thousands digit of 28493812?
9
What is the hundred thousands digit of 783107884?
1
What is the tens digit of 233574391?
9
What is the ten thousands digit of 772288266?
8
What is the units digit of 78861593?
3
What is the hundred millions digit of 1798779558?
7
What is the hundreds digit of 3988988777?
7
What is the tens digit of 65786537?
3
What is the ten millions digit of 6628172079?
2
What is the ten thousands digit of 2591778147?
7
What is the billions digit of 1853336059?
1
What is the hundreds digit of 2338542242?
2
What is the hundreds digit of 297358805?
8
What is the tens digit of 29946492?
9
What is the tens digit of 2082766845?
4
What is the tens digit of 521522953?
5
What is the hundreds digit of 122